 + 9 - 10).
-13
Evaluate -15 + -7 + 3 + 6.
-13
Evaluate -162 + 160 - (-10 - -3).
5
Calculate 21 + (-3 - (-17 - -24)).
11
-4 + -9 + 4 + -4 + (33 - 4)
16
What is the value of -10 + (4 + (11 - 15) - (-2 - 2))?
-6
-10 - 11 - (-5 + 2 + -7)
-11
36 + -18 - (16 - (-2 - -7))
7
Calculate -9 + 0 - (-615 - -617).
-11
Calculate -9 + -4 + (-2 - 2 - (-30 + 21)).
-8
What is 6 + 7 + (6 - 18) + -15?
-14
Evaluate -27 - (15 - 35) - (3 - (0 + 0)).
-10
What is the value of (38 - 24 - 5) + -1 + 1?
9
What is -14 + -4 - (0 + -10) - 6?
-14
What is the value of (-9 - (6 + 6 - 31)) + (-2 - -2)?
10
Evaluate -1 + 9 - (-278 - -293).
-7
Calculate -11 - (5 + (-35 - -37) + 0 + -1).
-17
(-21 - -22) + (1 - 2 - 2)
-2
What is (-10 - -1) + (10 - (3 + 5))?
-7
Evaluate (4 + 2 - (7 - 3)) + 9 - 26.
-15
What is the value of -2 + ((8 - 9) + 10 - 8)?
-1
What is 0 + (-3 - -1 - -12) + 1?
11
What is 1 + 5 + -21 - (1 + -9)?
-7
What is the value of -17 + -2 + 11 - -25 - -6?
23
(-1 - -2) + (-2 + -6 - -6)
-1
What is (0 - 1) + (1 - -6 - (32 - 22))?
-4
What is (2 - 4) + (5 - (23 + -20))?
0
Calculate -4 + (25 - (12 + -33 + 14)).
28
Evaluate (-31 - 0) + (-13 - (-12 + (8 - 18))).
-22
What is the value of 164 - 160 - (1 - 1)?
4
Evaluate 4 + -1 - ((26 - 15) + -9 + -4).
5
What is 8 + -14 + (14 - 14)?
-6
What is the value of -14 - (4 - 13) - -8?
3
What is the value of -7 + (0 - 3) - (-5 - (2 - 8))?
-11
What is 11 + -52 + 29 + (2 - 1 - 0)?
-11
-4 - (-5 + -40) - (146 - 144)
39
6 + (0 + (6 - 3) - 6) + -2
1
Calculate -10 + 7 + (-3 - (5 - 10)).
-1
Calculate 55 - (25 - 7) - ((3 - -2) + 5).
27
Calculate 7 - (26 + (4 - 14) + 18).
-27
What is -6 + 7 + -1 + 0 - -26?
26
What is the value of (7 - -1 - 4 - 10) + (6 - 22)?
-22
-1 + (28 - 21 - (1 + 10))
-5
-1 + (-17 - (-10 + -4))
-4
Evaluate 35 + (-29 - -22) - 19.
9
Evaluate 2 - (-40 - -19 - -46).
-23
What is the value of 18 + -7 + -3 + 11 + -7?
12
Calculate 14 + (11 - (-4 - (-12 + -1)) - 5).
11
What is (-6 - -1) + (11 - (-1 - -5 - -9))?
-7
What is the value of 9 - (-8 - -3 - -31)?
-17
What is the value of -2 + (0 - -5) + (-5 - 0) + 1?
-1
Evaluate -9 - (15 + -10 - 25).
11
-13 + (1 + 1 - 3 - (14 + -10))
-18
7 + -18 + 4 + (-2 - 3 - 1)
-13
Evaluate -5 - 3 - -6 - (-2 - (-1 - -3)).
2
Evaluate 12 - 15 - -6 - (6 - 1).
-2
(-4 + (5 - (-5 + 7)) - -8) + -10
-3
What is the value of (25 + 3 - (1 - -3)) + -11 + 2?
15
What is the value of (-15 - -6 - -7) + 2?
0
123 + -134 - (-1 - 22)
12
Calculate (-15 - -5) + 4 + 4 + 12.
10
Calculate -64 - -69 - (-1 + -2 + 1).
7
What is the value of (-1 - -2 - 4 - 5) + -5 - -1?
-12
What is the value of -11 - 4 - (-9 - 1)?
-5
Calculate -27 - (2 + 4 - 29).
-4
What is 8 + -19 + 13 - (16 + 1)?
-15
Calculate -46 - (38 - (7 + 100)).
23
959 + -1043 - (-41 - 2)
-41
8 + 0 + -1 + 3 + (7 - 8)
9
Calculate 59 - 0 - (14 + 19).
26
11 + 6 - 34 - -29
12
Calculate -2 + 4 + 0 + 13 + (-88 - -96).
23
What is -129 + 119 + (-1 - 1 - (12 - 14))?
-10
Calculate (3 - -14 - -9 - 12) + -19.
-5
What is -12 - (-9 - (-8 + 2))?
-9
What is the value of (-20 - (31 + -54)) + (-12 - -1)?
-8
Calculate -33 - ((6 - 5) + -1 - (7 + -2)).
-28
What is 23 + -45 + 17 - (0 + 1 + 6)?
-12
What is the value of 0 + -2 + -1 + 2 + 5 - 16?
-12
Calculate (-4 - -2) + (-100 - -91) + -1 + 5.
-7
What is (0 - -22) + -3 + -8 + 7?
18
What is the value of -2 + 0 - (-146 + 149) - 7?
-12
What is the value of 2 + 3 - (-9 - -34) - -11?
-9
-3 - ((-10 - 1) + (20 - 7))
-5
1 - 1 - 7 - (-125 + 122)
-4
What is (14 - 11) + 1 + 1 + -6?
-1
(2 - -1) + -2 + -116 + 110
-5
What is 13 - 9 - (5 - 7) - (7 - 1)?
0
Evaluate 12 + -1 + 7 + 17 + (-10 - 12).
13
-10 - (8 - 20) - (1 + -9)
10
What is 11 - (-6 - (-7 + -7)) - -11?
14
Calculate (2 + -3 - 3 - 7) + (-15 - -15).
-11
Evaluate (15 - -1) + -5 - (92 - 98).
17
What is the value of -12 + 21 - ((-14 - (-14 - -10)) + -5)?
24
Calculate 1 - 3 - (34 - 59 - -18).
5
Calculate -16 + (-19 - -16) - -15.
-4
Calculate -15 - -11 - (5 - (7 - 3)) - -4.
-1
Evaluate 4 - ((-8 - (-4 + -4) - -8) + 16).
-20
What is the value of 24 - 5 - (-17 - -28)?
8
Evaluate (13 - 9) + 8 + -27.
-15
(-35 - 1) + 82 + -69
-23
Evaluate (11 - (47 + -13)) + (1 - -12).
-10
(0 - 11) + 4 - -14
7
-8 - -4 - 4 - (7 - -1)
-16
What is (-8 - (-12 + 4) - -3) + (3 - -8)?
14
What is -3 + 2 + -3 - (0 - (-12 + 3))?
-13
What is -3 + ((-11 - -1) + 17 - 8)?
-4
What is the value of (11 - 4) + -11 + 8 + 1 - 0?
5
What is 116 - 98 - (-4 + 2 + 8)?
12
What is (30 - 8) + -51 - (-1 - 15)?
-13
Evaluate -54 + 53 + (-3 - -1 - -32).
29
What is 555 + -589 - (1 + -52)?
17
What is (-1 + -5 - (-3 + 5 - 7)) + 14?
13
Calculate (8 + -8 + 1 + 1 - 9) + -11.
-18
What is -35 - (-7 - (-18 + 3)) - (2 - 14)?
-31
Calculate 3 + ((-4 - 1) + 5 - 2 - -5).
6
Evaluate 125 - 122 - (2 + -7 - (0 - 3)).
5
Evaluate (12 - -8) + -10 - 24.
-14
23 + (-26 - (6 + -13)) + 0 + -39
-35
What is 8 + (-1 - -1) - (2983 - 3009)?
34
Evaluate 16 + -16 + (-21 - -14).
-7
(0 - 1 - 2) + (4 - (-7 - -5))
3
What is the value of 35 - (37 - (48 - 22))?
24
(2 - (16 - (9 - 1))) + 3
-3
9 + 1 + 3 + -16
-3
Calculate -1 + (8 - -1) + -130 + 136.
14
Evaluate ((42 - 52) + 9 + -1 - 0) + -25.
-27
4 + 7 + -6 + 15 + -13
7
3 - (-3 - -2) - (24 + -5)
-15
Evaluate (3 - 10) + 14 - 2 - (3 + 12).
-10
Calculate 31 + -36 + (8 - 0) + 8.
11
What is the value of (4 - (9 - -21)) + 0 - (6 - 1)?
-31
Calculate 17 + (5 - (-4 + 1 + 8)) - -1.
18
Calculate -36 - (4 + -18) - -27.
5
What is the value of 21 + (9 + -21 - -9) + -3?
15
Evaluate 8 - (18 - 13) - 4.
-1
What is the value of (-8 - 1) + 13 + -14?
-10
What is the value of 17 - (-3 - (6 + -8 + -4))?
14
Evaluate (13 - 13) + -11 + -6 + -3.
-20
What is the value of -12 - 0 - 1 - (26 + -61 - -27)?
-5
Calculate 0 + (3 - 6 - 3) + 0 + 9.
3
What is the value of -16 - (22 + -46 + 9)?
-1
What is the value of -7 + (18 - (20 + -10))?
1
What is the value of (2 - 15 - (10 - 14)) + 14?
5
Calculate -3 + (-10 - (2 - 8)) + 1.
-6
Calculate (-1 - (7 - (-10 - -10))) + -3.
-11
Calculate -21 + -7 + 6 + -3 + (-9 - -16).
-18
What is (-1 - 2 - (0 + -2)) + 3?
2
What is the value of -13 - -3 - -6 - (1 + -4) - -6?
5
What is the value of -1 - 1 - (-42 + 49)?
-9
What is the value of -35 + (-17 - -50) + (21 - 0)?
19
What is (3 - (-1 + (-6 - -12) - -5)) + 19?
12
Evaluate -12 + (3 - (-2 + -8 - -19)).
-18
6 - (16 + -30) - (2 - -1)
17
What is the value of -12 - (29 + (16 - 66))?
9
What is the value of -75 + 68 + (-2 - -21)?
12
What is the value of 16 + -12 + -19 + 28 - 10?
3
Evaluate -1 + (-5 - (10 + -7)) + -10 + 10.
-9
What is the value of 10 - (5 + (-3 - (-10 - -6)) + -2)?
6
Calculate (8 - 4) + -6 - (6 + 16) - -2.
-22
What is -11 + 0 + (12 - 0) - 23?
-22
Calculate -8 + 2 - (10 + -6 + -14).
4
What is the value of 15 + (-7 + -9 - -9) - -2?
10
Calculate -28 - (-16 + 19 - 40).
9
Evaluate 28 + (-9 - -28 - 9) + -14.
24
Calculate (16 - -3) + -3 + (-5 - -2).
13
What is 19 + -17 + (1 - 5) + 7?
5
What is -14 - -27 - (13 - 0)?
0
-27 + (19 - 3) - 7
-18
What is 1 + 16 + -7 - (29 - -2)?
-21
What is the value of (-8 - (-14 - -4)) + -11 + -1?
-10
What is -23 + 56 - (-30 - -31)?
32
91 + -103 - (3 + -9 + 1 - -15)
-22
Evaluate 16 - (24 + 6) - -15.
1
What is the value of 8 + 2 - (87 - 99 - (-8 - -1))?
15
Evaluate 43 + 11 + (-48 - -16).
22
What is 2 + 11 + 28 + -16 - 2?
23
25 + -1 + -44 + 21
1
What is 32 - (20 + -5 + 5)?
12
What is the value of (96 - 84) + (0 - 5)?
7
What is -32 + 41 - ((-3 - -13) + -3)?
2
-19 - (-15 + (10 - -6 - 11))
-9
Evaluate 8 + 7 + 8 + (-9 - (-16 + 6)).
24
Evaluate (-3 - -4) + (0 + -7 + 1 - -3).
-2
Evaluate (-4 - (1 + 5 + -12)) + 8.
10
Calculate 2075 - 2073 - (-1 + (0 + 0 - 6)).
9
(13 - 5) + -5 - (0 - -4) - 13
-14
1 - 14 - (-66 + 38 - -30)
-15
What is the value of 13 + 1 + (-3 - (-5 - -10))?
6
Evaluate -4 - ((-16 - (-9 + 1)) + -11).
15
What is the value of 1 + (15 - 6) + -16 - (-14 - 0)?
8
What is -3 - -4 - 3 - (-6 + 11 - 1)?
-6
Evaluate -4 + 3 + -1 + (5 - 10).
-7
What is the value of (1 - 9 - 9) + 18?
1
What is 17 - (5 + 5 + (15 - 25))?
17
What is -5 + 24 - (35 - 25)?
9
Evaluate (1 - -9) + (-416 - -403).
-3
What is -5 + (6 - 19 - -12) + 21?
15
What is the value of ((-1 - -7) + -6 - 10 - -1) + 1?
-8
What is the value of -14 + 5 - (-4 - (1 - (4 - -6)))?
-14
Evaluate -11 - ((-3 - -3 - -5) + 2 + -23).
5
Calculate 4 - (-5 + 5 + -6 + 11).
-1
What is (-11 + 4 + 8 - -7) + -33 + -1?
-26
(34 - 18) + -2 + -5 + -7 - -8
10